Calculate the highest common factor of d and t.
15
Suppose o = p + 32, o - 4*p - 21 = 17. Suppose 9 = -2*a - x - 11, -a - 3*x = 0. Let j be ((-95)/57)/(2/a). Calculate the highest common divisor of o and j.
10
Let j = -1322 + 1658. What is the highest common divisor of 105 and j?
21
Suppose 2*l - 5*s = 79, 3*l + 5*s - 62 - 69 = 0. What is the greatest common factor of 518 and l?
14
Suppose -25367 = -5*i + 2*n, 7*i + 0*n + 4*n = 35507. Calculate the highest common factor of 114 and i.
57
Let g = -1821 - -1996. Calculate the greatest common factor of g and 119.
7
Suppose 0 = 107*n + 3979 - 28375. What is the highest common factor of n and 1311?
57
Suppose 0 = -4*p - 2*q + 658, 11*q = -p + 9*q + 166. Let y = 168 - p. What is the highest common divisor of y and 4?
4
Let m be ((-2548)/(-273))/((-6)/(-9)). What is the highest common factor of m and 9?
1
Suppose -31914 - 5012 = -20*p + 10814. What is the highest common factor of p and 651?
217
Suppose 5*z - 60 = 10. Let w = z + -5. Let t(s) = 3*s**3 - 217*s**2 - 437*s + 5111. Let a be t(74). What is the highest common divisor of a and w?
9
Let y(w) = 2*w**2 - 38*w - 312. Let v be y(49). Calculate the highest common factor of 144 and v.
36
Suppose 7*a - 2*a - 165 = 0. Let x(h) = -h**3 + 3*h**2 - 3*h + 4. Let c be x(2). Let z be 675/63 + c/14*2. What is the greatest common factor of z and a?
11
Let t(u) = -u - 1. Let g(z) = 27*z + 3. Let a(q) = -g(q) - 4*t(q). Let r be a(-1). Calculate the highest common factor of 3 and r.
3
Let v(x) = 2*x**3 - 7*x**2 + 47*x - 74. Let j be v(2). Let q = -4 + 6. Calculate the highest common factor of j and q.
2
Let t = -2971 + 3781. Calculate the highest common factor of 10 and t.
10
Suppose -59*h + 62*h - 12 = 0. Suppose 0 = -3*b + h*j - 3, 2*b - 14*j + 18*j - 18 = 0. What is the greatest common divisor of 48 and b?
3
Suppose -2623 = -3*y - 4*j, -239*y + 244*y - 4357 = -3*j. What is the highest common divisor of y and 2449?
79
Let q = 6 - 3. Let z(l) = 4*l**3 + 2*l**2 + 70*l + 21. Let d be z(0). Calculate the greatest common factor of q and d.
3
Let s(r) = r**2 - 6*r - 49. Let v be s(11). Let i be v/9*-1*-147. Calculate the greatest common factor of 2 and i.
2
Suppose 1539*n = 1543*n - 960. Let o(v) = 9*v + 3. Let a be o(3). Calculate the highest common factor of n and a.
30
Let d be (-105)/(-12) - 2/(-8). Suppose 2*q - 9 = a - 2*q, 4*a + 3*q = 40. Suppose 3 - 10 = -a*f. What is the highest common factor of d and f?
1
Suppose 198*q - 125093 = 57859. What is the highest common factor of 132 and q?
132
Suppose 14*d - 6*d = -8. Let c = 4 + d. Let x be 144/c*(-128)/(-24). What is the greatest common divisor of 32 and x?
32
Let t(k) = 2*k**3 - 34*k**2 - 5*k - 31. Let f be t(24). What is the highest common factor of 193 and f?
193
Let u(x) be the third derivative of 7*x**4/6 + 49*x**3/3 - 2*x**2 - 56. Let l be u(3). What is the highest common factor of l and 42?
14
Let t(g) = g**3 - 9*g**2 - 66*g + 834. Let q be t(12). What is the greatest common factor of q and 36?
6
Let o(r) = -5*r**3 + 3*r**2 + r + 4. Let j be o(-2). Suppose 55*d = j*d + 153. What is the highest common factor of d and 36?
9
Suppose 46*l = -71*l + 4734 + 10008. Calculate the greatest common divisor of 819 and l.
63
Suppose 0 = -138*q + 1079 + 3751. What is the greatest common divisor of 21 and q?
7
Let c(b) = b**3 - 9*b**2 + 19*b - 6. Let g be c(2). What is the greatest common divisor of 11 and g?
1
Suppose 13584 = 35*l - 4721. Let g = l + -291. Suppose 4*n = -c + 120, -3*n + 3*c + 67 = -2*c. Calculate the highest common divisor of g and n.
29
Suppose -4*f + 4*k = -115472 - 18512, -6 = -k. Calculate the greatest common divisor of f and 14.
14
Let q be (-27 - (13 + -4))/((-32)/88). Let i be ((-2)/(-2))/((-3)/(-27)). Calculate the greatest common divisor of i and q.
9
Suppose 5*v + 8010 - 31165 = 0. Calculate the greatest common factor of v and 33.
11
Let p(c) = -c**3 + 3*c**2 + 9*c + 13. Let j be p(5). Suppose j*h = 283 + 77. Calculate the highest common factor of h and 54.
9
Let j(a) = 9*a**2 + 5*a - 16. Let l be j(3). Let t = -27 + 25. Let o = 8 - t. What is the highest common divisor of l and o?
10
Let y = -12650 - -16822. Calculate the highest common factor of 42 and y.
14
Let t(v) = v**3 - 5*v**2 + 4*v - 1. Let a be t(5). Suppose 5*f - 197 = -5*i + 103, 2*i = 3*f + 105. Calculate the greatest common divisor of i and a.
19
Suppose -7*k + 11*k + i - 1618 = 0, -4*i + 8 = 0. Calculate the highest common divisor of k and 909.
101
Let v be (-2430)/(-8) + 1/4. Let h = 12038 - 12019. What is the greatest common factor of h and v?
19
Let i = -282 - -285. Suppose 4*t - u = 1877, i*t - 952 = t - 4*u. What is the highest common divisor of t and 10?
10
Let t = 1457 - 927. Suppose 0 = -x + t - 440. What is the highest common factor of x and 225?
45
Let r be 21114/36*((-24)/(-9) - 2). Let w = r - -74. What is the highest common divisor of w and 15?
15
Let s = 3702 + -3684. Let y = 8 + -5. Suppose -m + y*m = s. What is the highest common divisor of m and 1?
1
Let m(s) = -3*s + 62. Let n be m(19). Suppose 2*v = 3 - 11, n*b - 154 = v. Calculate the highest common divisor of 165 and b.
15
Let x(g) = 36*g**2 + 45*g - 89. Let k be x(2). Calculate the highest common divisor of 5626 and k.
29
Suppose 48 = 7*o - 64. Suppose -3*n = -4*g - 8, -5 - 5 = -3*n + 2*g. What is the greatest common divisor of n and o?
4
Suppose -687 = 14*b - 16028 - 3. What is the greatest common divisor of 1233 and b?
137
Suppose -3*i - p = 1781 + 268, -3*p + 9 = 0. Let q = -450 - i. What is the highest common factor of 52 and q?
26
Let c be (-105)/(-33) + (-4)/22. Let q be 3 + -7 + (9 - 9). Let k be c + q*3/(-36)*-6. Calculate the highest common divisor of k and 3.
1
Let h = 127 + -124. Suppose h*d - 3*v - 27 = 0, 0*d - 5*d = -4*v - 45. What is the highest common factor of d and 171?
9
Let r be 6*(-3 + 4/(-8)). Let c be ((-12)/18)/(1/r). Let y be (-14)/6*(5 + 7 - 27). What is the highest common factor of y and c?
7
Let z(x) = x**2 - 103*x + 1896. Let s be z(82). What is the highest common divisor of 522 and s?
174
Let t(z) = z**3 - 7*z**2 - 123*z + 2. Let c be t(16). What is the highest common factor of c and 182?
26
Suppose -5*b - z - 929 = 0, -4*b - 2*z - 113 = 629. Let k = -166 - b. What is the greatest common divisor of 170 and k?
10
Let w be 8/(-18) + (-2)/(-18)*2011. Suppose -17 = -2*u + w. Calculate the greatest common divisor of 90 and u.
30
Let y = 550 - 405. Let s = 182 - y. What is the highest common divisor of s and 74?
37
Let h(u) = -172*u - 11. Let l be h(-1). Let j = 71 + -25. Calculate the greatest common divisor of j and l.
23
Suppose 0 = -f + b + 9, f + 4*b + 8 = -2*f. Suppose 3*c + 2*z + 0*z = 2163, -z - 2884 = -f*c. Let q = c - 505. What is the greatest common factor of 27 and q?
27
Suppose 132758 = 332*d + 122134. Let r = 242 - 146. What is the greatest common divisor of r and d?
32
Let v = -445 + 93. Let b = 400 + v. Calculate the highest common divisor of 336 and b.
48
Let r(m) = -2*m**3 - 12*m**2 + m + 9. Let x be r(-6). Suppose -3*n + z = -68, x*z = 3*n - 53 - 25. Calculate the highest common divisor of 336 and n.
21
Let v be 1413 + -22 + 150/6. What is the highest common factor of v and 72?
24
Let d be 14/(-8) - 570/(-120). Suppose 4*p = -d*g + 2*g + 754, 0 = -2*p + 8. Calculate the highest common factor of 18 and g.
18
Let o be (1*(-504)/96)/((-3)/4). What is the highest common divisor of o and 791?
7
Suppose -121 = -112*i + 99*i + 516. Calculate the greatest common divisor of 1 and i.
1
Suppose 0 = -3*s + 1 + 17. Let z = 674 - 672. What is the highest common divisor of s and z?
2
Suppose -5*a = -43 - 32. Suppose 3*r + 3 - a = 0. Let b be (-10)/(-4)*(-162)/225*2*-10. What is the highest common divisor of b and r?
4
Let f(k) be the second derivative of k**4/12 + 3*k**3 - 50*k**2 + 2*k. Let b be f(-30). What is the greatest common divisor of 40 and b?
20
Let u(q) = 21*q**2 + 230*q + 13. Let o be u(-11). Calculate the greatest common divisor of o and 3204.
12
Suppose -3*y + 83 = -5*r, -r = 3*y - 2*y + 15. Let q = r + 39. Suppose -q = -2*n - 3. What is the highest common divisor of 10 and n?
10
Suppose 5 = g - 9. Let t be (-538)/5 - 40/100. Let s = -106 - t. Calculate the greatest common divisor of s and g.
2
Let i be 3/(3